3/6 + c**2/2 + 10*c. Let w be r(1). Is 4 - w - (-2 - 166) a prime number?
False
Suppose -9192750 - 3142557 = -177*l. Is l composite?
False
Suppose 0 = -5*d + j + j + 15920, -2*j + 15900 = 5*d. Suppose 2*o - r - 1580 = 3*r, 4*o - d = -3*r. Is o prime?
False
Let t(b) = 203*b**3 - 8*b**2 + 2*b - 11. Is t(8) prime?
False
Let b be ((-24230)/(-40) - -4) + 2/8. Let t = b + -203. Is t a prime number?
False
Suppose 21*f = 7*f - 224. Is ((-2712)/f)/((-9)/(-66)) composite?
True
Let c be 7 + (2 - (6 + 1)). Suppose -4*n + 3551 + 5154 = 3*d, -c*d = -5*n - 5811. Is d a prime number?
True
Let p = 1179 - 762. Let v = 1736 - p. Is v composite?
False
Let b(q) = -1095*q**3 - 5*q**2 - 5*q - 3. Let a = 129 - 131. Is b(a) a composite number?
False
Let k(q) = 2*q + 5. Let h be k(0). Suppose 0*r + h*r = -4*w + 1926, -3*r + 1134 = -3*w. Is r a composite number?
True
Let d = 515 + -512. Suppose -d*f = -g + 2808 + 3065, -29365 = -5*g - 3*f. Is g a composite number?
True
Suppose 5*f = 10, -16*f + 11*f - 63392 = -2*o. Is o a prime number?
False
Let z(v) = 2909*v - 2114. Is z(29) composite?
True
Suppose 2*a = -3*x + 45, -104 + 119 = x + 3*a. Suppose 83579 = x*q - 192886. Is q composite?
True
Let h = 3440 - -676. Let i = h - 2437. Is i a composite number?
True
Let i(d) = 3*d**3 - 17*d**2 - 3*d - 16. Suppose 15 = -5*n + 30. Let k(b) = 2*b**3 - 9*b**2 - 2*b - 8. Let p(h) = n*i(h) - 5*k(h). Is p(-7) prime?
False
Suppose 21*k + 4654 = 16981. Let y = 3060 - k. Is y composite?
False
Let s(a) be the second derivative of -a**6/360 + 47*a**5/120 - 11*a**4/24 + 29*a**3/6 - 5*a. Let j(d) be the second derivative of s(d). Is j(24) composite?
False
Let b(h) = 75*h**2 + 115*h**2 + 29 + 28894*h - 28899*h. Is b(6) composite?
True
Suppose 2274246 = 26*g - 1438962 + 1367462. Is g composite?
True
Let a(h) = 4*h**2 + 17*h + 8. Let o be a(-4). Suppose 5*m - 5707 = -4*u, o*m = 2*m + 3*u + 2269. Is m a composite number?
True
Suppose 25606*o - 25615*o + 952767 = 0. Is o prime?
True
Let a be (-8)/(-3) - (-19)/57. Suppose 5*f + a = 93. Is (44/(-2))/(f/(-45)) a composite number?
True
Let m(c) = 2*c + 11. Let z be m(-7). Is 33/9 + z + 222152/24 prime?
True
Let d = -748324 - -1317927. Is d a composite number?
False
Suppose 0 = 5*g + r - 40, 3*g + 3*r + r - 7 = 0. Suppose -g*y + 7681 = -9122. Suppose -1004 - y = -9*z. Is z prime?
False
Suppose 1614 + 1038 = 3*q. Suppose -721 = -5*d + q. Suppose s = 362 + d. Is s a prime number?
True
Let a(c) be the third derivative of c**5/60 - 5*c**4/24 + 13*c**3/6 + c**2. Let y(b) = 2*b**3 + 19*b**2 + 35*b + 6. Let n be y(-7). Is a(n) prime?
True
Let m(j) = -332*j**2 - 73 + 639*j**2 - 334*j**2 - 5*j**3 - 18*j - 4*j**3. Is m(-13) prime?
False
Let i = -8885 - -15832. Is i composite?
False
Let o be (24/6)/(-4)*1*-5. Suppose 532 - 5217 = -o*b. Is b a composite number?
False
Suppose -2*m + 6*m = -20. Let i(s) = s**3 + 7*s**2 + 10*s - 2. Let x be i(m). Is 9/3*((-80)/(-6) + x) a prime number?
False
Let i be ((-2)/(-4))/((-2)/20). Let b be 2/12 - i/60*46. Suppose -4 = -4*v, 2*w - w - 483 = -b*v. Is w prime?
True
Let g(l) = -l**3 - 33*l**2 + 298*l + 79. Is g(-51) composite?
False
Suppose 3*o = -2*f - 96, -2*f + o - 80 = 24. Let y = f + 41. Is (0 - (-4)/y) + 1122/30 prime?
True
Let g(h) = h**3 + 2*h**2 + 4*h + 10. Let v be g(-2). Suppose 5*k - 22808 = 3*a, -v*a + 16943 = 4*k - 1299. Is k a composite number?
False
Suppose 0 = -12*g + 54 - 6. Suppose -g*y = -4*d - 13368, 5*y - 4*d - 11829 = 4886. Is y a composite number?
False
Let j be -4*(-34588)/10 + 35/(-175). Let x = -7098 + j. Is x a prime number?
True
Suppose -41*m - 52*m + 52890633 = 8670714. Is m prime?
True
Suppose -48*d = -36*d - 36. Suppose a = -8*g + 10*g - 22404, d*g - 5*a = 33613. Is g prime?
False
Let h(r) = r**3 + 21*r**2 - 13*r + 28. Let a(w) = -w**3 - 20*w**2 + 14*w - 28. Let f(t) = 5*a(t) + 4*h(t). Is f(-25) composite?
False
Let d(c) = 60*c**2 - 26*c**2 + 3*c - 4 - 12*c + 46*c**2. Let r be d(-6). Suppose -9*m - m + r = 0. Is m prime?
True
Let y be 10/(-55) + (2 - 580/(-44)). Let r(q) = 53*q**2 + 37*q - 23. Is r(y) composite?
False
Suppose 0 = -5*h - g - 10469 + 154324, -5*g + 143855 = 5*h. Is h prime?
True
Let w(z) = -z + 14. Let n be w(10). Suppose -3*o + 1 = -2*m - 5, 2*o = n. Suppose 4*r + 3*d - 635 = m, 2*r = -4*d + 2*d + 316. Is r a prime number?
False
Let b = 57 - -409844. Is b composite?
False
Let y(j) = 76*j**2 - 174*j - 6779. Is y(-41) a composite number?
False
Suppose 5*d - 30 = -4*c, 3*d - 31 = -7*c + 2*c. Is (10/5)/((-43260)/21635 + d) a prime number?
True
Let v = 811 - 54. Suppose -55118 = -v*h + 743*h. Is h prime?
False
Let t(g) = g**2 - 6*g - 23. Let a be t(9). Suppose -5*q + 7821 = a*d, 2*d + 2*q = 4146 - 238. Is d a composite number?
False
Is 0 - ((-1671)/3*-1)/(30/(-42690)) prime?
False
Let f(k) = -k**3 + 6*k**2 + 16*k - 12. Let h(b) = 2*b**3 - 11*b**2 - 31*b + 24. Let o(v) = 5*f(v) + 2*h(v). Is o(7) a composite number?
False
Suppose -2*i - 7*i = -72. Let c be (i/(-4) + 5)*1. Suppose 2*p + c*f - 459 = 823, 4*p + 5*f - 2560 = 0. Is p prime?
False
Suppose -3*v = -5*m + 93938, -93930 = 15*m - 20*m - 5*v. Is m composite?
False
Let s = -249550 - -351833. Is s a composite number?
True
Let a(z) = 2*z - 29. Let u be ((-1 - -4)/12)/((-2)/(-56)). Let w be a(u). Is (4782/4)/(w/(-10)) a prime number?
True
Let n = 5455 - 4358. Is n a composite number?
False
Let c be (9/(-12))/(2/(-24)). Let b be 6/(4*c/24). Is (b - 675/12)*-4 composite?
True
Let w(u) = 6374*u + 4657. Is w(29) a composite number?
True
Is (39/(3744/2424))/((-2)/(-22552)) a composite number?
True
Suppose 9*z + 20081 = 2*i, 2*i - 5*z - 14850 = 5219. Is i prime?
False
Let s be 1/((-6)/(-26)) - 1/3. Let h(m) = -5*m + 12. Let r be h(s). Let i(k) = -k**3 - k**2 - 12*k - 15. Is i(r) a composite number?
True
Let s = -81 + 104. Let v(c) = s - 5 - 9 + 287*c - 6. Is v(4) a prime number?
True
Let s(q) = -11*q**3 + 4*q**2 + 182*q + 35. Is s(-16) composite?
True
Is (-753918)/(-198)*(19 + 2/1) composite?
True
Let b(u) = 77*u**3 + 48*u**2 - 110*u + 116. Is b(19) composite?
False
Suppose -365*i + 67091625 = 103*i - 67308147. Is i prime?
True
Let h = 8717 + -4430. Suppose -3*m + 53248 = 2*o + h, 5*o = -5*m + 81605. Is m composite?
False
Suppose 15*i = 8 + 52. Suppose 0 = -n + 4*h + 977 + 689, 4*h + 6700 = i*n. Is n a composite number?
True
Suppose -3*l = 5*b - 5123141, 0 = -3*b - 58*l + 1924887 + 1148548. Is b composite?
False
Suppose 34 = 2*b + 38, -o + 5*b + 246177 = 0. Is o composite?
False
Let x(y) = y**2 - 19*y - 41. Let r be x(21). Is 5323 + (-6 - -5) + r composite?
False
Let n(x) = -2*x**3 - 21*x**2 + 83*x - 128. Is n(-42) a prime number?
False
Let m(s) = 327*s**3. Let x be m(-1). Is (-44 + 1)/(3/x) a composite number?
True
Let s(g) = 4007*g - 518. Is s(9) a composite number?
True
Suppose 5*l = -241 - 14. Let g = -45 - l. Suppose 0 = -3*c + 2*r + 6711, c + r = g*c - 11185. Is c prime?
True
Is 118170 - (7/2)/((-97)/(-194)) a prime number?
True
Let f(y) = -749*y**3 + 13*y**2 - 13*y - 258. Is f(-11) composite?
False
Suppose 7*i + 26*i + 1377962 = 5455673. Is i a composite number?
True
Let k(p) = -5*p - 4. Let g be k(0). Let o = 7 + g. Suppose o*i - 383 + 74 = 0. Is i prime?
True
Let u be (-2)/((-39522)/(-7902) - 5). Let l = -760 - u. Is l a composite number?
False
Let o be (-24)/16 + 283/2. Suppose -36438 = 134*u - o*u. Is u a composite number?
False
Suppose b = -5*a + 212939, -3*a = 35*b - 30*b - 1064783. Is b a composite number?
True
Let o(n) = 474*n**2 + 8*n - 392. Is o(15) a prime number?
False
Let a(z) = 1597*z**2 + 292*z + 110. Is a(-9) composite?
False
Let j(c) = -5*c**2 + 31*c + 1. Let x be j(-4). Let i = 454 + x. Is i prime?
True
Let x(h) = -81*h + 1. Let y be x(-4). Is 1 - 1 - 4 - y/(-13) composite?
True
Let a = 276686 + -4287. Is a composite?
False
Let a be -3 + 3/12 + 233/(-4). Let g = a - -66. Suppose 1891 = 2*t + g*h, 5*t - h - 4774 = 2*h. Is t a composite number?
False
Suppose h - 198 = 2*i, -i = -4*h + 3*h + 198. Suppose h = z - 271. Is z a composite number?
True
Let l = 51533 - -8910. Is l prime?
True
Suppose -4*f - 711156 = -2*c, 18*c = 16*c + 3*f + 711154. Is c a composite number?
True
Let q be -1 + 8301 - ((-30)/3 + 12). Let n = q - 689. Is n a composite number?
True
Let d = 157 + -795. Let r = -397 - d. Let h = r - 98. Is h a comp